- 22?
-30
In base 13, what is 2b - -5?
33
In base 12, what is 21 - 36?
-15
In base 9, what is -458 + 5?
-453
In base 14, what is -2 - a7?
-a9
In base 11, what is 2 - -1054?
1056
In base 9, what is 5331 + 2?
5333
In base 7, what is 5 - -14322?
14330
In base 4, what is 2 - -23123?
23131
In base 3, what is -1121 + -11200?
-20021
In base 16, what is -1 + 212?
211
In base 10, what is -91 + 66?
-25
In base 13, what is -3a - 6?
-43
In base 11, what is -5 + 1327?
1322
In base 11, what is -11 - 27?
-38
In base 2, what is -1001 - -101000?
11111
In base 8, what is -24 + -25?
-51
In base 5, what is 1010 + -4?
1001
In base 15, what is 206 - 4?
202
In base 2, what is -10111010 - 11?
-10111101
In base 4, what is 1 - 22?
-21
In base 15, what is -2 - -a0?
9d
In base 9, what is -3 + -71?
-74
In base 14, what is 0 + 3107?
3107
In base 9, what is 5 - -477?
483
In base 6, what is -4 - 321?
-325
In base 4, what is 312110 - -10?
312120
In base 5, what is 1 + -13444?
-13443
In base 12, what is 7 - -63?
6a
In base 2, what is 0 + -1111001000?
-1111001000
In base 16, what is -312 - 7?
-319
In base 5, what is 443 + -3?
440
In base 12, what is -126 + -8?
-132
In base 2, what is -10 - -11001011?
11001001
In base 8, what is 5 + -16?
-11
In base 13, what is 305 - b?
2c7
In base 14, what is -a + 95?
89
In base 11, what is -55 + 25?
-30
In base 7, what is -10011 - 5?
-10016
In base 10, what is 5 + -27?
-22
In base 5, what is -4 + -112002?
-112011
In base 3, what is -1002 - 1002?
-2011
In base 4, what is -2 + 3333?
3331
In base 16, what is 10 - 9?
7
In base 6, what is 2 + -5104?
-5102
In base 2, what is 11 + -1110010?
-1101111
In base 16, what is -ed + 16?
-d7
In base 4, what is -122 - -1?
-121
In base 9, what is 110 - -12?
122
In base 3, what is 1202 + 102?
2011
In base 15, what is 2 - 51?
-4e
In base 4, what is -10 - -1031?
1021
In base 2, what is 0 + 10011001?
10011001
In base 3, what is -11 - -21012?
21001
In base 12, what is 2 + -126?
-124
In base 15, what is 1 - -162?
163
In base 15, what is -9e + -7?
-a6
In base 15, what is 152 - -5?
157
In base 12, what is -99 - -2?
-97
In base 7, what is 1335 + -2?
1333
In base 4, what is -3231 - -1?
-3230
In base 7, what is -12 - -24?
12
In base 13, what is 5 + -11ca?
-11c5
In base 5, what is -33 + 114?
31
In base 8, what is 57 - 72?
-13
In base 13, what is -1 + -468?
-469
In base 13, what is -7248 + 0?
-7248
In base 4, what is 1 + 3031?
3032
In base 11, what is 1a5 + 5?
1aa
In base 14, what is 905 - 1c?
8c7
In base 15, what is 5 - -91?
96
In base 10, what is 3335 + 0?
3335
In base 16, what is 1e + -a?
14
In base 5, what is -111 + -1112?
-1223
In base 4, what is 11 - 20031?
-20020
In base 13, what is 4a - -5?
52
In base 4, what is -20 + -21?
-101
In base 7, what is -36145 - 4?
-36152
In base 2, what is 1011011 + -1011010?
1
In base 12, what is 3 - 162?
-15b
In base 13, what is 178 + -9?
16c
In base 3, what is -2000210 + -11?
-2000221
In base 16, what is -3a - 4c?
-86
In base 16, what is -49 + -39?
-82
In base 16, what is 60 - c?
54
In base 14, what is 31 - 0?
31
In base 5, what is 104 - 20?
34
In base 10, what is 5 + 451?
456
In base 16, what is 8 - 7?
1
In base 15, what is a - -139?
144
In base 16, what is 1 - 20?
-1f
In base 7, what is 1 - 206?
-205
In base 8, what is -115 - -57?
-36
In base 10, what is 1 + -1071?
-1070
In base 5, what is 12 + 1301?
1313
In base 16, what is -1660 - 1?
-1661
In base 2, what is 1010 - 1000100100?
-1000011010
In base 14, what is -8 + -92?
-9a
In base 8, what is -52 + 5?
-45
In base 6, what is 5 - -31?
40
In base 10, what is -37 - -6?
-31
In base 16, what is 4 + -1a2?
-19e
In base 13, what is 15 - 11a?
-105
In base 2, what is -100 - 101100?
-110000
In base 3, what is -1002211 + -21?
-1010002
In base 12, what is -11 - -4b?
3a
In base 13, what is -2 + -65?
-67
In base 11, what is 35 - -11?
46
In base 3, what is 20012121 - -2?
20012200
In base 12, what is -630 - 5?
-635
In base 3, what is 2 - 10201?
-10122
In base 7, what is -10 + -2?
-12
In base 11, what is 1 + 13a?
140
In base 2, what is -11000000011 + 1101?
-10111110110
In base 3, what is 2 - -20?
22
In base 2, what is 0 + -10?
-10
In base 3, what is 1111 - 21110?
-12222
In base 4, what is -121 - 300?
-1021
In base 12, what is 4 + 980?
984
In base 11, what is a6 - -30?
126
In base 11, what is -453 - 17?
-46a
In base 2, what is 11001 + -1?
11000
In base 3, what is -1211202 + 20?
-1211112
In base 6, what is 3 + 5?
12
In base 16, what is 153 + -2?
151
In base 16, what is -91 + -1?
-92
In base 8, what is 0 - -20210?
20210
In base 13, what is 1 - a7?
-a6
In base 5, what is -2300 + 2?
-2243
In base 9, what is -22 + -224?
-246
In base 15, what is 7052 - -3?
7055
In base 9, what is -1284 - -4?
-1280
In base 9, what is 13 + -108?
-85
In base 6, what is -5 + -114?
-123
In base 16, what is -14c - -1?
-14b
In base 4, what is 3102 + -200?
2302
In base 2, what is -11 - -1000011000?
1000010101
In base 6, what is -4 + 31?
23
In base 14, what is 1 + 3?
4
In base 13, what is 67 - b?
59
In base 16, what is 50 - -3?
53
In base 6, what is -3 + -103?
-110
In base 10, what is -187 + -4?
-191
In base 16, what is 0 + -72?
-72
In base 10, what is -23 - 1?
-24
In base 2, what is 110 + -1010?
-100
In base 4, what is 10 + -10122?
-10112
In base 11, what is 124 - 2?
122
In base 4, what is -111202 - 3?
-111211
In base 4, what is -20 + -10232?
-10312
In base 5, what is -24433 + 4?
-24424
In base 7, what is 32 - 1?
31
In base 14, what is 2c - -16?
44
In base 4, what is 2012 + -11?
2001
In base 2, what is 1110000 - 10011?
1011101
In base 16, what is -1e3 + -2?
-1e5
In base 10, what is 0 + 1158?
1158
In base 15, what is 2 + -23?
-21
In base 14, what is 2d7 - 2?
2d5
In base 10, what is -6 + -56?
-62
In base 14, what is -8 + 22?
18
In base 11, what is 0 + 306?
306
In base 7, what is -22060 + 5?
-22052
In base 7, what is 5 - 13?
-5
In base 13, what is 54 + 1?
55
In base 3, what is 110 - 22121?
-22011
In base 8, what is 4 - -103?
107
In base 8, what is 6 + -37?
-31
In base 2, what is -1100110010 + 101?
-1100101101
In base 13, what is 76 + 5?
7b
In base 5, what is 12 + -3?
4
In base 14, what is -1 + -c?
-d
In base 2, what is 10 - -110?
1000
In base 12, what is 5 - -532?
537
In base 16, what is -b + 79?
6e
In base 9, what is -658 + 0?
-658
In base 4, what is 32301 + 12?
32313
In base 13, what is 2 + -8?
-6
In base 5, what is -1222 + 4?
-1213
In base 7, what is 0 - 1610?
-1610
In base 6, what is -32 + 411?
335
In base 14, what is 2 + -41?
-3d
In base 3, what is 1110212 + -1?
1110211
In base 14, what is -5 - -30b?
306
In base 12, what is 1 + -173?
-172
In base 9, what is 36 + 87?
134
In base 13, what is -41 + -8?
-49
In base 8, what is -120 - 0?
-120
In base 11, what is -25 + 4?
-21
In base 13, what is -96 - -5?
-91
In base 5, what is 4023 - 11?
4012
In base 5, what is -404 + 2?
-402
In base 2, what is 111100 - -110001?
1101101
In base 5, what is 2 + -233?
-231
In base 16, what is 4 - 1cc?
-1c8
In base 6, what is -241 + 21?
-220
In base 16, what is -2ec + 4?
-2e8
In base 15, what is 0 + 34?
34
In base 10, what is -117 + -156?
-273
In base 14, what is 3 + 126?
129
In base 15, what is 4 + b?
10
In base 3, what is -101022 - 1212?
-110011
In base 10, what is 355 - 7?
348
In base 13, what is -1 - 326?
-327
In base 4, what is 1300023 - 3?
1300020
In base 7, what is 15323 + 10?
15333
In base 5, what is -1331443 + 1?
-1331442
In base 11, what is -1 + 19?
18
In base 16, what is -80 - 1?
-81
In base 9, what is 14317 - 2?
14315
In base 14, what is -dd - -26?
-b7
In base 7, what is 136 + 35?
204
In base 5, what is 4121 + 10?
4131
In base 4, what is 1 + -1330022?
-1330021
In base 4, what is -10 - 130?
-200
In base 15, what is -5 + -3b3?
-3b8
In base 15, what is -631 - -19?
-617
In base 8, what is 442 + 2?
444
In base 12, what is -8 + -53?
-5b
In base 10, what is 89 - 2?
87
In base 12, what is -13 + a1?
8a
In base 5, what is -1303214 + 10?
-1303204
In base 14, what is d99 - -1?
d9a
In base 6, what is 0 + -10?
-10
In base 2, what is 10001001 + 1011010?
11100011
In base 5, what is 0 + -212?
-212
In base 15, what is 4 - -1c4?
1c8
In base 2, what is 101101 - 101?
101000
In base 12, what is -52 + -3?
-55
In base 15, what is 24 - 12?
12
In base 15, what is 17a - 14?
166
In base 2, what is -10001111100 - -100?
